What are the prime factors of 202509?
3, 22501
What are the prime factors of 22848795?
3, 5, 37, 13723
List the prime factors of 21474652.
2, 37, 41, 3539
What are the prime factors of 5084738?
2, 41, 59, 1051
What are the prime factors of 521188?
2, 29, 4493
List the prime factors of 6924116.
2, 109, 15881
List the prime factors of 7122958.
2, 3561479
List the prime factors of 6356224.
2, 7, 3547
List the prime factors of 735654.
2, 3, 122609
What are the prime factors of 22085636?
2, 83, 66523
What are the prime factors of 1624558?
2, 13, 62483
List the prime factors of 3162322.
2, 19, 83219
List the prime factors of 243709.
243709
What are the prime factors of 300542?
2, 11, 19, 719
What are the prime factors of 249000?
2, 3, 5, 83
List the prime factors of 2749656.
2, 3, 7, 13, 1259
List the prime factors of 3068716.
2, 7, 109597
List the prime factors of 2012208.
2, 3, 11, 37, 103
List the prime factors of 2592920.
2, 5, 11, 71, 83
What are the prime factors of 18397?
18397
List the prime factors of 187645.
5, 37529
What are the prime factors of 7555515?
3, 5, 11, 29, 1579
List the prime factors of 291394.
2, 53, 2749
List the prime factors of 260498.
2, 7, 23, 809
What are the prime factors of 231662?
2, 115831
What are the prime factors of 1482630?
2, 3, 5, 73, 677
List the prime factors of 23938823.
23938823
List the prime factors of 319771.
131, 2441
What are the prime factors of 3804340?
2, 5, 37, 53, 97
What are the prime factors of 1088033?
389, 2797
What are the prime factors of 3165149?
13, 243473
List the prime factors of 721868.
2, 7, 29, 127
List the prime factors of 179451.
3, 127, 157
What are the prime factors of 4436744?
2, 13, 37, 1153
List the prime factors of 3345985.
5, 31, 21587
List the prime factors of 896208.
2, 3, 18671
List the prime factors of 3765396.
2, 3, 313783
List the prime factors of 1023567.
3, 271, 1259
List the prime factors of 1513058.
2, 173, 4373
List the prime factors of 518945.
5, 7, 14827
What are the prime factors of 1524680?
2, 5, 47, 811
What are the prime factors of 1107600?
2, 3, 5, 13, 71
What are the prime factors of 726844?
2, 181711
List the prime factors of 127436.
2, 31859
What are the prime factors of 4971839?
4971839
What are the prime factors of 204674?
2, 102337
List the prime factors of 43947.
3, 19, 257
What are the prime factors of 5372377?
43, 103, 1213
What are the prime factors of 69326?
2, 17, 2039
List the prime factors of 896320.
2, 5, 2801
List the prime factors of 615436.
2, 53, 2903
List the prime factors of 3373465.
5, 674693
What are the prime factors of 34987?
59, 593
List the prime factors of 18720963.
3, 77041
List the prime factors of 3994504.
2, 53, 9421
List the prime factors of 8486024.
2, 37, 28669
List the prime factors of 16681534.
2, 31, 269057
What are the prime factors of 222366?
2, 3, 37061
List the prime factors of 4147937.
1459, 2843
List the prime factors of 34373371.
17, 83, 1433
What are the prime factors of 2297997?
3, 13, 6547
List the prime factors of 331722.
2, 3, 6143
List the prime factors of 704583.
3, 11, 647
List the prime factors of 778290.
2, 3, 5, 25943
What are the prime factors of 3251054?
2, 41, 967
List the prime factors of 8599050.
2, 3, 5, 97, 197
List the prime factors of 262988.
2, 11, 43, 139
What are the prime factors of 4079814?
2, 3, 679969
What are the prime factors of 9640484?
2, 7, 139, 2477
What are the prime factors of 26354645?
5, 5270929
List the prime factors of 5559052.
2, 61, 22783
What are the prime factors of 1508673?
3, 283, 1777
List the prime factors of 207133.
103, 2011
What are the prime factors of 210548?
2, 13, 4049
What are the prime factors of 25242?
2, 3, 7, 601
List the prime factors of 69579.
3, 859
List the prime factors of 118724.
2, 67, 443
What are the prime factors of 19776618?
2, 3, 103, 10667
List the prime factors of 288620.
2, 5, 14431
List the prime factors of 8206988.
2, 17, 120691
List the prime factors of 13148220.
2, 3, 5, 419, 523
List the prime factors of 1429289.
23, 62143
What are the prime factors of 49682?
2, 24841
What are the prime factors of 20293230?
2, 3, 5, 179, 3779
List the prime factors of 1976855.
5, 19, 20809
What are the prime factors of 8628033?
3, 19, 229, 661
List the prime factors of 30230.
2, 5, 3023
What are the prime factors of 8334216?
2, 3, 11, 17, 619
List the prime factors of 767994.
2, 3, 31, 4129
List the prime factors of 23401724.
2, 17, 29, 11867
What are the prime factors of 147220?
2, 5, 17, 433
What are the prime factors of 266620?
2, 5, 13331
List the prime factors of 688683.
3, 229561
List the prime factors of 120407.
7, 103, 167
List the prime factors of 401248.
2, 12539
List the prime factors of 5642.
2, 7, 13, 31
What are the prime factors of 880139?
13, 79, 857
List the prime factors of 427039.
427039
List the prime factors of 7322753.
7322753
What are the prime factors of 116395?
5, 23279
What are the prime factors of 719527?
83, 8669
What are the prime factors of 1116854?
2, 558427
List the prime factors of 2747237.
2747237
List the prime factors of 636683.
787, 809
What are the prime factors of 6490057?
7, 647, 1433
List the prime factors of 8517705.
3, 5, 7, 23, 3527
List the prime factors of 313724.
2, 107, 733
What are the prime factors of 685098?
2, 3, 4229
What are the prime factors of 458992?
2, 28687
List the prime factors of 152705.
5, 7, 4363
List the prime factors of 14694610.
2, 5, 7, 29989
List the prime factors of 648533.
17, 38149
List the prime factors of 5212972.
2, 1303243
List the prime factors of 2239774.
2, 89, 12583
What are the prime factors of 3280834?
2, 107, 15331
What are the prime factors of 482900?
2, 5, 11, 439
List the prime factors of 2460756.
2, 3, 205063
What are the prime factors of 2984634?
2, 3, 19, 2909
What are the prime factors of 4352973?
3, 1450991
What are the prime factors of 27905424?
2, 3, 29, 20047
What are the prime factors of 103627?
173, 599
List the prime factors of 135388.
2, 11, 17, 181
List the prime factors of 15643818.
2, 3, 23, 29, 1303
List the prime factors of 301386.
2, 3, 50231
What are the prime factors of 235040?
2, 5, 13, 113
What are the prime factors of 4716634?
2, 13, 181409
What are the prime factors of 8296169?
7, 23, 227
List the prime factors of 235525.
5, 9421
What are the prime factors of 5308435?
5, 11, 96517
List the prime factors of 301806.
2, 3, 23
List the prime factors of 12894973.
7, 13, 23, 61, 101
What are the prime factors of 21613230?
2, 3, 5, 26683
List the prime factors of 4954774.
2, 11, 225217
List the prime factors of 1344742.
2, 7, 96053
List the prime factors of 205620.
2, 3, 5, 23, 149
List the prime factors of 4498.
2, 13, 173
What are the prime factors of 3872428?
2, 7, 19, 29, 251
List the prime factors of 3747386.
2, 131, 14303
List the prime factors of 4741877.
7, 29, 47, 71
What are the prime factors of 16268?
2, 7, 83
List the prime factors of 6419572.
2, 53, 107, 283
List the prime factors of 274284.
2, 3, 19, 401
What are the prime factors of 11428623?
3, 1269847
What are the prime factors of 4577?
23, 199
List the prime factors of 1100614.
2, 17, 32371
List the prime factors of 1878289.
7, 151, 1777
What are the prime factors of 226099?
226099
List the prime factors of 2097131.
2097131
List the prime factors of 961006.
2, 480503
List the prime factors of 2529071.
19, 133109
What are the prime factors of 4290609?
3, 41, 34883
What are the prime factors of 2312148?
2, 3, 19, 10141
List the prime factors of 116100.
2, 3, 5, 43
List the prime factors of 7271656.
2, 7, 89, 1459
List the prime factors of 10695242.
2, 5347621
What are the prime factors of 4980130?
2, 5, 498013
What are the prime factors of 422722?
2, 17, 12433
List the prime factors of 500940.
2, 3, 5, 11, 23
List the prime factors of 138282.
2, 3, 19, 1213
What are the prime factors of 268594?
2, 23, 5839
List the prime factors of 4238720.
2, 5, 37, 179
What are the prime factors of 12390679?
7, 19, 13309
List the prime factors of 13687908.
2, 3, 13, 87743
What are the prime factors of 1485288?
2, 3, 7, 421
List the prime factors of 13151706.
2, 3, 2191951
List the prime factors of 928197.
3, 151, 683
What are the prime factors of 2192061?
3, 23, 31769
What are the prime factors 